 + 15). Let j be (-5)/((-25)/20) + 3. Calculate the highest common divisor of j and s.
7
Let d = -52 - -118. Let j = 17 - 37. Let u be (-12)/20 - 232/j. What is the greatest common divisor of u and d?
11
Suppose -2*j - j + 45 = 0. Let y(o) = -17*o + 1. Let h be y(-7). Calculate the greatest common factor of h and j.
15
Let k(d) = d**3 - 6*d**2 - 4*d - 5. Let s be 26/(-39) + (-23)/(-3). Let l be k(s). Calculate the greatest common factor of 2 and l.
2
Suppose -2*b = -2*o + 12, -2*o + 4 = o + 4*b. Calculate the greatest common divisor of 10 and o.
2
Suppose 3*t = -2*t + 70. What is the greatest common divisor of t and 42?
14
Suppose -4 = -k - 1. Suppose -k*b - 43 = 4*g - 5*g, -b = 5*g - 167. Calculate the highest common divisor of g and 85.
17
Suppose 2*j - 5 = -i, 4*i = -4 - 0. Suppose 0 = -4*u + 5*u - j. What is the highest common factor of u and 27?
3
Suppose -16*v - 12 = -19*v. Calculate the highest common factor of 1 and v.
1
Let s(x) = -x**3 - 2*x**2 - x + 2. Suppose -4*v = 16 - 4. Let b be s(v). Calculate the highest common divisor of 126 and b.
14
Let r(o) = -4*o**3 + 3*o**2 + 4*o + 2. Let c be r(-3). Suppose 3*h + 41 = 2*m, 3*m + 2*m = 3*h + c. What is the greatest common factor of 42 and m?
14
Let q(m) = 4*m**2 + 4*m + 3. Let x be q(-2). Suppose 0 = -2*p + 2. Let l be p/(((-2)/11)/(-2)). Calculate the greatest common divisor of x and l.
11
Let r(z) = -4*z + 1. Let t be r(-2). Suppose 0 = h + 2 - t. Suppose 0 = -8*u + 3*u + 175. What is the highest common factor of h and u?
7
Suppose 0 = 5*x - 4*l - 75, -3*x - l = -4*l - 45. Let o be (-30)/5*(-10)/4. What is the highest common divisor of x and o?
15
Suppose 0 = -2*m, -4*h + 2*m = 5*m - 56. Calculate the highest common divisor of 126 and h.
14
Let d be 14/(-5)*(-20)/4 - -1. Calculate the highest common factor of 3 and d.
3
Suppose o - 4*o - 2*s = -15, -5*o + 3*s = -25. Calculate the greatest common factor of o and 45.
5
Let h(b) = b**2 - 2*b. Let k be h(-2). Let s = 16 + -12. Let w be 11/(55/420) + s. What is the highest common divisor of k and w?
8
Suppose 91 + 29 = -4*i. Let n = -18 - i. Calculate the highest common divisor of 6 and n.
6
Let z be (-8)/(-12) + 214/3. Let x be (-748)/(-28) + 6/21. Suppose 4*s - s - x = 0. What is the highest common factor of z and s?
9
Let o = 35 - 17. What is the highest common factor of o and 198?
18
Let a(l) = l**3 - 5*l**2 + 2*l + 1. Let o be a(5). Suppose 0 = 2*i - 268 + 70. Calculate the greatest common divisor of i and o.
11
Let h(r) be the first derivative of r**4/4 + 8*r**3/3 + 3*r**2 + 5*r - 4. Let b be h(-7). What is the highest common factor of b and 24?
12
Suppose 5*m + 5*t - 55 = -0*m, 9 = 3*t. Let b be 290/m - 7/28. What is the highest common factor of b and 24?
12
Suppose -3*h + 33 = 3. What is the highest common factor of h and 40?
10
Let u be (1/3)/((-2)/(-18)). Suppose -2*g + 2 + 8 = 0. Suppose -24 - 17 = -3*s + b, g*b - 35 = -s. What is the highest common divisor of u and s?
3
Suppose -5*r + 5*l - 35 = 0, -2*r - 15 = -l - 6. Let i = 0 - r. Let q be (i - 6)*9/(-4). Calculate the greatest common divisor of 45 and q.
9
Suppose 0*z + 4 = -2*z, 0 = 3*t + 2*z + 7. Let m(x) = -37*x - 1. Let u be m(t). Let b = -5 + 23. Calculate the highest common divisor of b and u.
18
Let a be 8/(-112)*4 - 396/(-14). Calculate the greatest common divisor of 4 and a.
4
Suppose 0 = -4*k + 40. Suppose a = -a + k. Suppose 3*q + 4*j - 9 = 0, 4*q - 9 = q - a*j. What is the greatest common factor of 21 and q?
3
Let n be -2 - -8*(-4)/(-8). Suppose -n*o = 4*f - 25 - 69, -5*f - o = -113. What is the greatest common divisor of 66 and f?
22
Let b = -9 + 11. Suppose 55 = 2*y + b*f - f, -50 = -2*y + 4*f. Let o be (-3 - -1)/(2/(-9)). Calculate the highest common divisor of o and y.
9
Let k = -117 + 133. What is the greatest common divisor of k and 144?
16
Let f be 2/(-3)*(-6)/4. Let o be (1/f)/(-2)*-2. Let c be 10/(-6)*((-3 - -5) + -5). What is the highest common factor of c and o?
1
Let t be 21/6*(44 + 4). What is the highest common factor of 24 and t?
24
Let q be (-2)/(-4) + 12/8. Suppose -3*t - 4*d + 56 = 0, q*d - 2 = 2. Suppose 120 = p + 4*g, g - 2*g - 130 = -p. What is the highest common divisor of p and t?
16
Let l(w) = 6*w + 3 - 7 - 4. Let z be l(8). Calculate the greatest common divisor of z and 5.
5
Let h(t) = t**3 - t**2 + 22. Let m be h(0). Suppose -5*i + m = -3. Let q(l) = -l**2 + 7*l + 2. Let a be q(i). What is the greatest common divisor of 6 and a?
6
Let n(i) = i**3 + 5*i**2 - 6*i. Let l be n(-6). Suppose l*m = 2*m - 34. What is the greatest common factor of 68 and m?
17
Suppose 0 = -4*i + 51 + 177. Calculate the highest common factor of 38 and i.
19
Suppose -5*o + 1349 = -856. Let s = -198 + o. Calculate the highest common divisor of s and 27.
27
Let m be ((-352)/(-55))/((-1)/(-10)). What is the highest common factor of m and 8?
8
Let b be (-7)/(-2) - (-3)/(-6). Suppose -152 = -2*s + 3*l, b*s + l = 33 + 173. Calculate the highest common divisor of 28 and s.
14
Suppose 0 = -4*r + 5*u + 44, 0 = -4*r + 7*u - 3*u + 44. What is the greatest common divisor of 132 and r?
11
Suppose -7*s + 20 = -36. Calculate the highest common factor of 20 and s.
4
Let k be -2 + (-2)/(-4)*164. Let q(r) = r**3 - 3*r**2 - 5*r + 1. Let y be q(4). Let a = 13 + y. Calculate the highest common factor of a and k.
10
Let r = 81 + -53. Calculate the highest common divisor of 224 and r.
28
Let r be (-213)/12 + 1/(-4). Let a be -3*2/r*39. Calculate the highest common divisor of 91 and a.
13
Let v be 0/((-6)/2*-1). Suppose v = 2*p - p - 20. What is the greatest common divisor of p and 8?
4
Let v = 17 + -45. Let h be v/8*-4 + 1. Calculate the highest common divisor of h and 45.
15
Let y(w) = -w**2 - 4*w + 4. Let r be y(-4). Let p be (-1 - 0)/((-15)/540). Calculate the greatest common factor of p and r.
4
Suppose 0 = -2*t - 3*t + 670. Let m be (12/9)/(4/6). Let s be t/10 - m/5. Calculate the greatest common divisor of 52 and s.
13
Let y = 59 + -15. Let s be (y - 3)/(1 + -2). Let h = -27 - s. Calculate the highest common factor of 98 and h.
14
Suppose 5*v = -5*b - 25, 0*b + 5*b + 21 = -3*v. Let f be b/(1/(40/(-3))). Let h(k) = 2*k + 10. Let s be h(-1). Calculate the greatest common factor of s and f.
8
Let v = -13 - -20. Let s = -4 + v. Calculate the greatest common divisor of 1 and s.
1
Suppose -3*r = -6*r - 5*h - 20, 2*r - 2*h = 8. Suppose -b - b - 318 = -4*g, g + 3*b - 83 = r. Calculate the highest common divisor of 10 and g.
10
Let l(x) = -x**2 + 14*x + 5. Let q be l(13). Let i = q + -8. What is the greatest common factor of i and 40?
10
Suppose 3*c + o - 7 = 0, 2*o = -2*c - 3*o + 22. Let k be 35 + 1*-2*c. What is the highest common factor of k and 3?
3
Let u = -6 - -8. Suppose 32 = -u*m - 3*w, -2*m + w = -m + 16. Let v be (-1 + -1)/2 - m. What is the greatest common divisor of 15 and v?
15
Let o = 0 + 24. Calculate the greatest common divisor of o and 24.
24
Let f = -10 + 14. Suppose -m = s + 11, -2*s + f*s - 4*m = -4. Let w be (12/s)/((-3)/44). Calculate the greatest common divisor of w and 55.
11
Suppose -4*y + 0*y + 28 = 0. Let t = y - -73. Calculate the highest common factor of 10 and t.
10
Let v(w) = -w**3 - 13*w**2 + 10*w - 17. Let h be v(-14). Calculate the highest common factor of h and 13.
13
Let a be (-22)/4 + (-3)/6. Let l be (-18)/a + 123*3. Suppose 5*t - 88 - l = 0. Calculate the greatest common factor of t and 23.
23
Let y be -1 + -2 + 5 - -117. Let f(l) = 0*l**2 + l - 4 + 21 + 0*l**2 - l**2. Let w be f(0). What is the greatest common factor of y and w?
17
Suppose i + 4*f = -2 - 16, -f - 15 = -5*i. Suppose -12 = -3*w, -2*s - i = -2*w - 42. Calculate the greatest common factor of 8 and s.
8
Suppose 0 = 5*i - 9*i + 24. What is the greatest common factor of i and 10?
2
Let h(l) = 2*l**2 + 4*l + 3. Let k be h(-2). Suppose -5*j - 25 = -5*g, 30 = 4*g - k*j + j. Calculate the highest common divisor of 15 and g.
5
Let d(o) = o**2 - 4*o + 4. Let j be d(4). Let t be 2*2/j*19. Calculate the greatest common factor of t and 38.
19
Let a(g) = -g**2 + 11*g - 3. Let m be a(9). Calculate the highest common divisor of m and 165.
15
Let n be 210/66 + (-2)/11. Suppose 29 + 121 = n*r. What is the greatest common divisor of r and 10?
10
Let r = -326 + 158. Let u = r - -256. Calculate the grea